{"version":"1.0","provider_name":"Roseana Murray","provider_url":"https:\/\/roseanamurray.com\/site","author_name":"admin","author_url":"https:\/\/roseanamurray.com\/site\/author\/admin\/","title":"Col\u00e9gio Estadual Professor Francisco de Paula Achiles - Roseana Murray","type":"rich","width":600,"height":338,"html":"<blockquote class=\"wp-embedded-content\" data-secret=\"yx5qRMIQ79\"><a href=\"https:\/\/roseanamurray.com\/site\/2023\/12\/01\/colegio-estadual-professor-francisco-de-paula-achiles\/\">Col\u00e9gio Estadual Professor Francisco de Paula Achiles<\/a><\/blockquote><iframe sandbox=\"allow-scripts\" security=\"restricted\" src=\"https:\/\/roseanamurray.com\/site\/2023\/12\/01\/colegio-estadual-professor-francisco-de-paula-achiles\/embed\/#?secret=yx5qRMIQ79\" width=\"600\" height=\"338\" title=\"&#8220;Col\u00e9gio Estadual Professor Francisco de Paula Achiles&#8221; &#8212; Roseana Murray\" data-secret=\"yx5qRMIQ79\" frameborder=\"0\" marginwidth=\"0\" marginheight=\"0\" scrolling=\"no\" class=\"wp-embedded-content\"><\/iframe><script>\n\/*! This file is auto-generated *\/\n!function(d,l){\"use strict\";l.querySelector&&d.addEventListener&&\"undefined\"!=typeof URL&&(d.wp=d.wp||{},d.wp.receiveEmbedMessage||(d.wp.receiveEmbedMessage=function(e){var t=e.data;if((t||t.secret||t.message||t.value)&&!\/[^a-zA-Z0-9]\/.test(t.secret)){for(var s,r,n,a=l.querySelectorAll('iframe[data-secret=\"'+t.secret+'\"]'),o=l.querySelectorAll('blockquote[data-secret=\"'+t.secret+'\"]'),c=new RegExp(\"^https?:$\",\"i\"),i=0;i<o.length;i++)o[i].style.display=\"none\";for(i=0;i<a.length;i++)s=a[i],e.source===s.contentWindow&&(s.removeAttribute(\"style\"),\"height\"===t.message?(1e3<(r=parseInt(t.value,10))?r=1e3:~~r<200&&(r=200),s.height=r):\"link\"===t.message&&(r=new URL(s.getAttribute(\"src\")),n=new URL(t.value),c.test(n.protocol))&&n.host===r.host&&l.activeElement===s&&(d.top.location.href=t.value))}},d.addEventListener(\"message\",d.wp.receiveEmbedMessage,!1),l.addEventListener(\"DOMContentLoaded\",function(){for(var e,t,s=l.querySelectorAll(\"iframe.wp-embedded-content\"),r=0;r<s.length;r++)(t=(e=s[r]).getAttribute(\"data-secret\"))||(t=Math.random().toString(36).substring(2,12),e.src+=\"#?secret=\"+t,e.setAttribute(\"data-secret\",t)),e.contentWindow.postMessage({message:\"ready\",secret:t},\"*\")},!1)))}(window,document);\n\/\/# sourceURL=https:\/\/roseanamurray.com\/site\/wp-includes\/js\/wp-embed.min.js\n<\/script>\n","thumbnail_url":"https:\/\/roseanamurray.com\/site\/wp-content\/uploads\/2023\/12\/WhatsApp-Image-2023-12-01-at-10.01.47.jpeg","thumbnail_width":1600,"thumbnail_height":1200,"description":"A \u00faltima Escola deste ano que veio ao Caf\u00e9, P\u00e3o e Texto, chegou de S.Gon\u00e7alo. O Col\u00e9gio Estadual Professor Francisco de Paula Achiles. Os alunos eram do 8\u00b0 ano e as Professoras super amorosas: Kesia, Nelma, Priscila e Sula. Veio na caravana a funcion\u00e1ria de limpeza Rose, que trabalha na Escola desde 1988. \u00c9 uma Escola bem antiga, dentro de uma Comunidade. Chegaram e foram todos direto para o jardim, estavam soltos, felizes, \u00e0 vontade. A mesa do caf\u00e9 era farta e deixei que se servissem sozinhos. Havia um clima ameno, de profunda amizade entre eles. Apresentei alguns livros novos e abri um grande espa\u00e7o de fala para eles. Reivindicaram mais espa\u00e7o de escuta na Escola, menos falta de professores. E demonstraram uma imensa sensibilidade quando apresentei meu livro Perfumes e falaram dos cheiros que amam. Um menino disse que amava o cheiro do mel. E realmente o afeto corria entre eles como um rio de mel. Os que estavam deitados no tapete se aconchegavam uns nos outros. Uma menina disse que sentia o cheiro da morte antes de algu\u00e9m morrer,mas n\u00e3o conseguia explicar, o que daria um conto, o que me lembra a Blimunda do Memorial do Convento, que via os \u00f3rg\u00e3os das pessoas por dentro quando comia miolo de p\u00e3o e sabia se iriam morrer. A Escola tem aula de teatro e dan\u00e7a, o que \u00e9 uma maravilha. Fiz uma dramatiza\u00e7\u00e3o com um menino e uma menina com um poema e todos amaram. Para fechar falamos sobre o tema Felicidade, j\u00e1 que meu novo livro, que fiz com William Amorim, \u00e9 todo sobre isso e fiquei surpresa com a beleza do que \u00e9 felicidade para eles. &#8221; um momento&#8221;, &#8220;algo inesperado&#8221;, &#8220;estar na casa dos av\u00f3s&#8221; e a mesma menina que falou do cheiro da morte, disse que tamb\u00e9m conseguia sentir o cheiro de nostalgia quando o momento de felicidade passa. Por fim todos n\u00f3s fizemos um desejo em pensamento e gritamos o nosso nome para o Universo ouvir. E fomos at\u00e9 o mar. Pude dar um livro Jardins autografado para cada um, pois ganhei uma caixa da minha amada Bia Hetzel, que sobrou da Editora Manati. O Caf\u00e9, P\u00e3o e Texto fechou o ano lindamente, trazendo os adolescentes e pr\u00e9 adolescentes, de longe, at\u00e9 a minha casa, para um encontro singular entre a poesia e tantas sensibilidades. Que cada um encontre seus dons e seus caminhos."}

Colégio Estadual Professor Francisco de Paula Achiles - Roseana Murray

<blockquote class="wp-embedded-content" data-secret="yx5qRMIQ79"><a href="https://roseanamurray.com/site/2023/12/01/colegio-estadual-professor-francisco-de-paula-achiles/">Colégio Estadual Professor Francisco de Paula Achiles</a></blockquote><iframe sandbox="allow-scripts" security="restricted" src="https://roseanamurray.com/site/2023/12/01/colegio-estadual-professor-francisco-de-paula-achiles/embed/#?secret=yx5qRMIQ79" width="600" height="338" title="&#8220;Colégio Estadual Professor Francisco de Paula Achiles&#8221; &#8212; Roseana Murray" data-secret="yx5qRMIQ79" frameborder="0" marginwidth="0" marginheight="0" scrolling="no" class="wp-embedded-content"></iframe><script>
/*! This file is auto-generated */
!function(d,l){"use strict";l.querySelector&&d.addEventListener&&"undefined"!=typeof URL&&(d.wp=d.wp||{},d.wp.receiveEmbedMessage||(d.wp.receiveEmbedMessage=function(e){var t=e.data;if((t||t.secret||t.message||t.value)&&!/[^a-zA-Z0-9]/.test(t.secret)){for(var s,r,n,a=l.querySelectorAll('iframe[data-secret="'+t.secret+'"]'),o=l.querySelectorAll('blockquote[data-secret="'+t.secret+'"]'),c=new RegExp("^https?:$","i"),i=0;i<o.length;i++)o[i].style.display="none";for(i=0;i<a.length;i++)s=a[i],e.source===s.contentWindow&&(s.removeAttribute("style"),"height"===t.message?(1e3<(r=parseInt(t.value,10))?r=1e3:~~r<200&&(r=200),s.height=r):"link"===t.message&&(r=new URL(s.getAttribute("src")),n=new URL(t.value),c.test(n.protocol))&&n.host===r.host&&l.activeElement===s&&(d.top.location.href=t.value))}},d.addEventListener("message",d.wp.receiveEmbedMessage,!1),l.addEventListener("DOMContentLoaded",function(){for(var e,t,s=l.querySelectorAll("iframe.wp-embedded-content"),r=0;r<s.length;r++)(t=(e=s[r]).getAttribute("data-secret"))||(t=Math.random().toString(36).substring(2,12),e.src+="#?secret="+t,e.setAttribute("data-secret",t)),e.contentWindow.postMessage({message:"ready",secret:t},"*")},!1)))}(window,document);
//# sourceURL=https://roseanamurray.com/site/wp-includes/js/wp-embed.min.js
</script>

A última Escola deste ano que veio ao Café, Pão e Texto, chegou de S.Gonçalo. O Colégio Estadual Professor Francisco de Paula Achiles. Os alunos eram do 8° ano e as Professoras super amorosas: Kesia, Nelma, Priscila e Sula. Veio na caravana a funcionária de limpeza Rose, que trabalha na Escola desde 1988. É uma Escola bem antiga, dentro de uma Comunidade. Chegaram e foram todos direto para o jardim, estavam soltos, felizes, à vontade. A mesa do café era farta e deixei que se servissem sozinhos. Havia um clima ameno, de profunda amizade entre eles. Apresentei alguns livros novos e abri um grande espaço de fala para eles. Reivindicaram mais espaço de escuta na Escola, menos falta de professores. E demonstraram uma imensa sensibilidade quando apresentei meu livro Perfumes e falaram dos cheiros que amam. Um menino disse que amava o cheiro do mel. E realmente o afeto corria entre eles como um rio de mel. Os que estavam deitados no tapete se aconchegavam uns nos outros. Uma menina disse que sentia o cheiro da morte antes de alguém morrer,mas não conseguia explicar, o que daria um conto, o que me lembra a Blimunda do Memorial do Convento, que via os órgãos das pessoas por dentro quando comia miolo de pão e sabia se iriam morrer. A Escola tem aula de teatro e dança, o que é uma maravilha. Fiz uma dramatização com um menino e uma menina com um poema e todos amaram. Para fechar falamos sobre o tema Felicidade, já que meu novo livro, que fiz com William Amorim, é todo sobre isso e fiquei surpresa com a beleza do que é felicidade para eles. &#8221; um momento&#8221;, &#8220;algo inesperado&#8221;, &#8220;estar na casa dos avós&#8221; e a mesma menina que falou do cheiro da morte, disse que também conseguia sentir o cheiro de nostalgia quando o momento de felicidade passa. Por fim todos nós fizemos um desejo em pensamento e gritamos o nosso nome para o Universo ouvir. E fomos até o mar. Pude dar um livro Jardins autografado para cada um, pois ganhei uma caixa da minha amada Bia Hetzel, que sobrou da Editora Manati. O Café, Pão e Texto fechou o ano lindamente, trazendo os adolescentes e pré adolescentes, de longe, até a minha casa, para um encontro singular entre a poesia e tantas sensibilidades. Que cada um encontre seus dons e seus caminhos.
